{"id":8,"date":"2016-09-30T11:37:58","date_gmt":"2016-09-30T11:37:58","guid":{"rendered":"http:\/\/mikkmurdvee.com\/new\/repertoire\/"},"modified":"2025-05-17T09:31:41","modified_gmt":"2025-05-17T09:31:41","slug":"repertoire","status":"publish","type":"page","link":"https:\/\/mikkmurdvee.com\/?page_id=8","title":{"rendered":"Repertoire"},"content":{"rendered":"<p><b>Complete stage works\u00a0<\/b>conducted in performance<\/p>\n<p>Abraham: Ball im Savoy<br \/>\nAdam: Giselle<br \/>\nDonizetti: Don Pasquale<br \/>\nKalman: Die Zirkusprinzessin<br \/>\nKangro: Saabastega kass<br \/>\nKocsak: Snow White and 7 Dwarfs<br \/>\nI.Kuusisto: Taipaleenjoki (fp)<br \/>\nLehar: Der Graf von Luxemburg<br \/>\nLehar: Die lustige Witwe<br \/>\nLehar: Paganini<br \/>\nL\u00f6venskiold: La Sylphide<br \/>\nMozart: Bastien und Bastienne<br \/>\nPacius: Die Loreley<br \/>\nProkofiev: Romeo &amp; Julia<br \/>\nRossini: La Cenerentola<br \/>\nStravinsky: Firebird (1910 Ballet)<br \/>\nTchaikovsky: Nutcracker<br \/>\nTchaikovsky: Sleeping Beauty<br \/>\nTchaikovsky: Swan Lake<\/p>\n<p><b>Complete stage works<\/b> assisted (including conducting the rehearsals):<\/p>\n<p>Bart\u00f3k: Duke Bluebeard\u2019s Castle (A K\u00e9kszak\u00e1ll\u00fa herceg v\u00e1ra)<br \/>\nBart\u00f3k: Miraculous Mandarin<br \/>\nBizet: Carmen<br \/>\nDonizetti: L\u2019elisir d\u2019Amore<br \/>\nMussorgsky: Boris Godunov<br \/>\nStravinsky: Rite of Spring<br \/>\nVerdi: Aida<br \/>\nVerdi: Otello<br \/>\nWagner: Meistersinger<\/p>\n<p><b>Complete stage works<\/b> studied:<\/p>\n<p>Debussy: Pelleas &amp; Melisande<br \/>\nHumperdinck: H\u00e4nsel und Gretel<br \/>\nJanacek: Jenufa<br \/>\nKorngold: Die tote Stadt<br \/>\nLeoncavallo: Il Pagliacci<br \/>\nMassenet: Thais<br \/>\nMinkus: Don Quixote<br \/>\nW.A.Mozart:<br \/>\n&#8211; \u201cLe nozze di Figaro\u201d<br \/>\n&#8211; \u201cDon Giovanni\u201d<br \/>\n&#8211; \u201cCosi fan tutte\u201d<br \/>\n&#8211; \u201cDie Zauberfl\u00f6te\u201d<br \/>\nProkofiev: Romeo &amp; Julia<br \/>\nPuccini:<br \/>\n&#8211; La Boheme<br \/>\n&#8211; Madama Butterfly<br \/>\n&#8211; Il trittico<br \/>\n&#8211; Tosca<br \/>\n&#8211; Turandot<br \/>\nJ.Strauss: Die Fledermaus<br \/>\nR.Strauss: Der Rosenkavalier<br \/>\nR.Strauss: Salome<br \/>\nStravinski: Petrushka<br \/>\nTchaikovski: Onegin<br \/>\nVerdi: Don Carlos<br \/>\nVerdi: Rigoletto<br \/>\nVerdi: La Traviata<br \/>\nVerdi: Il Trovatore<br \/>\nWagner: Tristan und Isolde<br \/>\nWebber: Phantom of the Opera<\/p>\n<p><b>Concert performances of excerpts<\/b>\u00a0from:<\/p>\n<p>G.Bizet: Carmen<br \/>\nL.Madetoja: Arias and duets from opera \u201cOstrobotnians\u201d<br \/>\nA.Merikanto: Marja\u2019s aria from opera \u201cJuha\u201d<br \/>\nO.Merikanto: Arias and duets from operas:<br \/>\n&#8211; \u201cPohjan neiti\u201d<br \/>\n&#8211; \u201cElinan surma\u201d<br \/>\n&#8211; \u201cRegina von Emmeritz\u201d<br \/>\nW.A.Mozart: Arias, duets and scenes from operas:<br \/>\n&#8211; \u201cDie Entf\u00fchrung aus dem Serail\u201d<br \/>\n&#8211; \u201cLe nozze di Figaro\u201d<br \/>\n&#8211; \u201cDon Giovanni\u201d<br \/>\n&#8211; \u201cCosi fan tutte\u201d<br \/>\n&#8211; \u201cDie Zauberfl\u00f6te\u201d<br \/>\n&#8211; \u201cLa clemenza di Tito\u201d<br \/>\nF.Pacius: Kypron prinsessa \u2013 Helkan jauhinlaulu, Anemotisin ballaadi<br \/>\nF.Pacius: Kaarle kuninkaan mets\u00e4stys \u2013 Leonoran ballaadi<br \/>\nG.Puccini: Tosca<br \/>\nE.Rautavaara: Three songs from \u201cAleksis Kivi\u201d<br \/>\nA.Sallinen: Arias from opera \u201cThe Red Line\u201d<br \/>\nJ.Strauss: Die Fledermaus<br \/>\nI.Stravinsky: Petruchka<br \/>\nR.Wagner: Tristan und Isolde<br \/>\nR.Wagner: Parsifal<br \/>\nG.Verdi: Rigoletto<br \/>\nG.Verdi: Traviata<\/p>\n<p><strong>Concert works<\/strong><\/p>\n<p>For the list of concert works in the repertoire, please inquire via e-mail.<br \/>\nThe list would be too long for any website and would need an unreasonable effort to keep updated considering the amount of concerts conducted every season.<\/p>\n","protected":false},"excerpt":{"rendered":"<p>Complete stage works\u00a0conducted in performance Abraham: Ball im Savoy Adam: Giselle Donizetti: Don Pasquale Kalman: Die Zirkusprinzessin Kangro: Saabastega kass Kocsak: Snow White and 7 Dwarfs I.Kuusisto: Taipaleenjoki (fp) Lehar: Der Graf von Luxemburg Lehar: Die lustige Witwe Lehar: Paganini L\u00f6venskiold: La Sylphide Mozart: Bastien und Bastienne Pacius: Die Loreley Prokofiev: Romeo &amp; Julia Rossini: [&hellip;]<\/p>\n","protected":false},"author":1,"featured_media":0,"parent":0,"menu_order":5,"comment_status":"closed","ping_status":"closed","template":"","meta":{"footnotes":""},"class_list":["post-8","page","type-page","status-publish","hentry"],"_links":{"self":[{"href":"https:\/\/mikkmurdvee.com\/index.php?rest_route=\/wp\/v2\/pages\/8","targetHints":{"allow":["GET"]}}],"collection":[{"href":"https:\/\/mikkmurdvee.com\/index.php?rest_route=\/wp\/v2\/pages"}],"about":[{"href":"https:\/\/mikkmurdvee.com\/index.php?rest_route=\/wp\/v2\/types\/page"}],"author":[{"embeddable":true,"href":"https:\/\/mikkmurdvee.com\/index.php?rest_route=\/wp\/v2\/users\/1"}],"replies":[{"embeddable":true,"href":"https:\/\/mikkmurdvee.com\/index.php?rest_route=%2Fwp%2Fv2%2Fcomments&post=8"}],"version-history":[{"count":7,"href":"https:\/\/mikkmurdvee.com\/index.php?rest_route=\/wp\/v2\/pages\/8\/revisions"}],"predecessor-version":[{"id":427,"href":"https:\/\/mikkmurdvee.com\/index.php?rest_route=\/wp\/v2\/pages\/8\/revisions\/427"}],"wp:attachment":[{"href":"https:\/\/mikkmurdvee.com\/index.php?rest_route=%2Fwp%2Fv2%2Fmedia&parent=8"}],"curies":[{"name":"wp","href":"https:\/\/api.w.org\/{rel}","templated":true}]}}